ns digit of p?
9
Suppose 0 = -582*r + 617*r - 6230. Suppose 2*k + 276 = -d + 2*d, 5*d - 3*k = 1345. Let c = d - r. What is the units digit of c?
8
Let x(y) = -7*y - 31. Suppose -4*m + n + 74 = 0, 4*n - 8*n - 44 = -2*m. Let u be x(m). Let q = 303 + u. What is the tens digit of q?
4
Let m be ((-6)/18)/(3/(-36)). Suppose 4*d = -16, -p - m*d - 6 = 7. Suppose -4*g = -8*l + p*l + 292, -l + 3*g = -65. What is the tens digit of l?
5
Suppose 4*g - 7392 = 1228. Suppose -4*x + g + 77 = 0. Suppose 12*k = 9*k + x. What is the units digit of k?
6
Let i(t) be the first derivative of 9*t**2 - 129*t - 73. What is the units digit of i(31)?
9
Let p = 55760 + -30071. What is the thousands digit of p?
5
Suppose m = 4663 + 2137. What is the hundreds digit of m?
8
Let o(m) = m - 32. Let x be o(11). Let p = 71 + x. What is the units digit of p?
0
Let d = -128 - -123. What is the units digit of 363 + -4 + (-5)/d?
0
Let n(q) be the second derivative of 25*q**3/3 - 21*q**2 + 92*q. What is the hundreds digit of n(6)?
2
Let o be ((-16870)/(-175))/(2/40). What is the tens digit of o/14 - (-2)/7?
3
Suppose -y + 16*q - 17*q - 4 = 0, 0 = -3*y + 3*q + 12. Let g be -3*(210/9)/(-5). Suppose y = g*a - 8*a - 870. What is the units digit of a?
5
Suppose -93*z + 1312440 = 39*z - 12*z. What is the tens digit of z?
3
Suppose 4*c + 4 = -3*b, -5*c - 4 = 1. Suppose b = -2*h - 0*h + 4, -4*l = -h - 390. Let d = 178 - l. What is the tens digit of d?
8
Suppose 9959 = 9*m - 517. Suppose m = 2*y + 2*k, -4*y + k + 1212 = -1136. What is the units digit of y?
6
What is the units digit of (-20)/(-910)*-13 - (-164322)/14?
7
Let x = -171 + 167. What is the units digit of x/(-22) + (-52920)/(-66)?
2
Let v(n) = -4*n**3 + 7*n**2 + 2*n - 41. What is the tens digit of v(-12)?
5
Let r(g) = g**3 - 9*g**2 + 11*g + 51. Let h be r(6). Suppose -9*t = h*t - 7866. What is the units digit of t?
7
Suppose g + 58 = j, 0*g + 214 = 4*j + 2*g. Let f = -76 + j. What is the units digit of 36/f*7/2*-1?
6
Suppose 2*c + c = 81. Let x = c + -21. Suppose -69 - 3 = -x*t. What is the units digit of t?
2
Suppose -102918 = 7*j - 141*j + 147394. What is the tens digit of j?
6
Suppose -225*r - 43*r = -2139176. What is the hundreds digit of r?
9
Let q be 14 - -7 - 8/(-2). Suppose -q*t + 18*t = -2471. What is the units digit of t?
3
Let d be (-64)/2*(3 - 13) - 2. Let n = d - 98. What is the units digit of n?
0
Let l(k) = 234*k**3 - 3*k**2 + k + 44. What is the thousands digit of l(3)?
6
Suppose -f + 5*m - 21 + 10 = 0, -15 = -5*m. Let x(n) = -4*n - 5. Let a be x(-6). Suppose 0 = -f*q + a + 169. What is the units digit of q?
7
Let z be ((-1484)/56)/(2/4). Let f be (1/(-3))/(z/(-18) + -3). Suppose f*i = 9*i - 174. What is the tens digit of i?
5
Let i(h) = -271*h - 2119. What is the hundreds digit of i(-23)?
1
Let k be (-4)/((-6)/3) - -13. Let z be (-8)/(-2) - (-60)/k. Suppose z*n - 5*n - 114 = 0. What is the tens digit of n?
3
Let a(p) = -p + 1. Let u(j) = -7*j - 50. Let v(d) = 10*a(d) - 2*u(d). What is the tens digit of v(22)?
9
Let i(n) = -272*n**3 + 23*n**2 + 20*n + 172. What is the tens digit of i(-6)?
3
Let s = 26579 + -16477. What is the units digit of s?
2
Suppose 7531 = -7*p - 4474. Let s = -932 - p. Suppose 4*w = z + s, w - 5*z - 281 = -109. What is the tens digit of w?
9
Suppose 2*u = -2*l, 2*u - 4 = 3*l + 6. What is the units digit of -32*((-15)/(-10) - u)?
6
Suppose 0 = 5*w - 56 + 11. Suppose 0 = -w*m + 27*m - 9702. What is the hundreds digit of m?
5
Let w(f) = 74*f**2 - 9*f + 31. What is the hundreds digit of w(-9)?
1
Let t be 2*(-3)/(3/(-2)). Let n be 2 + -10 + 4 - -8. Suppose -315 = -n*q + 3*w, 5*q - 390 = t*w - w. What is the units digit of q?
5
Suppose 0 = 5*j + 21 - 6. Let i be 7/(j + 38) + (-118)/(-10). Suppose i*o - 14*o = -242. What is the units digit of o?
1
Let p(w) = -46*w + 3116. What is the tens digit of p(-31)?
4
Suppose 2*q = 173 + 191. Let g = q + -39. Suppose -4*s = -5*t - g, -21 - 40 = -2*s - t. What is the tens digit of s?
3
Let s be 5/((-72)/(-16) - 2). What is the tens digit of 20/(-12) + s/3 - -1136?
3
Let f = 24009 - 8250. What is the units digit of f?
9
Let b(c) be the third derivative of 0 - 1/2*c**3 + 25*c**2 + 0*c + 7/2*c**4. What is the units digit of b(1)?
1
Suppose -3*d + 7*d - 244 = 0. Let h be 11 - 19 - -6 - 4. Let g = h + d. What is the units digit of g?
5
Let g(p) = -2*p**3 + 16*p**2 - 12*p - 8. Let h be g(7). Suppose -h = 2*y, 290 + 619 = 4*c + 5*y. What is the units digit of c?
1
What is the ten thousands digit of (-3*(-2)/(-1))/(35/((-6466110)/12))?
9
Let k(j) = -11*j - 140. Let a be k(-13). What is the tens digit of 2/(-18)*a - (-1886)/6?
1
Suppose -13*t = -11669 - 22521. What is the units digit of t?
0
Let s = -89 + 170. Suppose -4*l = -4*o - 1692, -745 - s = -2*l - 3*o. Suppose 0 = w - 5*q - 126, 0*w + 4*w - l = 3*q. What is the units digit of w?
1
Let s be -5*(-14)/10 + -4. What is the units digit of (57/4)/(s/8)?
8
Let u be (-10 - -12)*1/(-2) - 223. Let f = -86 - u. What is the hundreds digit of f?
1
Let t = -24460 + 40023. What is the thousands digit of t?
5
Suppose -5*w = -2*h + 17018, -2*h + 2*w + 6715 = -10309. What is the units digit of h?
4
Suppose -2*p = -0*p + 3*o - 304, 3*p - 2*o - 482 = 0. Suppose -i = -p - 246. What is the tens digit of i?
0
Let f(i) = 3*i + 22. Let a(p) = p**2 + 6*p + 45. Let d(m) = 2*a(m) - 5*f(m). Let t be d(-7). Let s = -58 + t. What is the tens digit of s?
4
Suppose 2*v + 3206 = 4*n, -v - 5481 + 1478 = -5*n. Suppose -n - 7085 = -19*j. What is the tens digit of j?
1
Suppose 266 = 9*d + 3*d + 26*d. Suppose 29 = v + g - 35, 4*g = -2*v + 120. Suppose 5*j + v = d*j. What is the units digit of j?
4
Let c be -5*5*(-72)/360. Let o be 2/(-11) + (-815)/55. What is the tens digit of -2 - (-368)/c - o/(-25)?
7
Let j be -5 - (-1)/((-276)/(-68) + -4). Suppose -145 = -7*x - j. What is the tens digit of x?
1
Suppose -3*y - 38409 = -3*n, 2*n - 11808 = y + 13805. What is the ten thousands digit of n?
1
Suppose -3*i + 18 = 0, 225*r - 230*r + 4*i + 49876 = 0. What is the thousands digit of r?
9
Let k(u) = -u**2 - 2*u + 3. Let r = 31 + -34. Let g be k(r). Suppose g = 5*m - 152 + 47. What is the units digit of m?
1
Let i be -2 + ((-1060)/35 - (-4)/14). Let h be 1*-21*i/12. Suppose u = -20 + h. What is the units digit of u?
6
Suppose 1133 - 2354 = -s + 2037. What is the thousands digit of s?
3
Suppose w - 5999 = -y, 16*w = -5*y + 18*w + 30030. What is the tens digit of y?
0
Let d be 0/((16/4)/4). Suppose d*r - 6 = -3*r. Suppose 0 = -r*p + q + 181, -2*p - p = -3*q - 267. What is the units digit of p?
2
Let w be (-18)/(-18)*21/(-3). What is the hundreds digit of w + (18 - 6) + 380?
3
Let p(q) = q**2 - 152*q - 55 - 154*q + 294*q. What is the units digit of p(27)?
0
Let o = -55 + 58. Suppose 3*a + 522 = -w - 1255, 3*w = -o*a - 1767. What is the hundreds digit of (-10 - -5) + a/(-3)?
1
Let x(s) = 2*s**2 + 491. Let g be x(0). Let h = 690 - g. What is the tens digit of h?
9
Suppose -y + 4*x = 2*y - 64, 2*y + x = 28. Let q(g) be the third derivative of g**5/60 - 11*g**4/24 + 5*g**3/3 - 176*g**2. What is the tens digit of q(y)?
9
Let l be (8712/(-5))/(-4) + 12/30. Suppose 2*a = -4*g - 0*g + l, a + 5*g - 230 = 0. What is the hundreds digit of a?
2
Suppose -13*s - 36924 = -30*s. Let c = s + -980. What is the units digit of c?
2
Let x be ((-9)/18)/((-2)/12). Suppose -x*z + 6*z - 2475 = 0. Let g = -572 + z. What is the tens digit of g?
5
Suppose 4*d + 5822 - 31034 = 5*y, 6303 = d - 4*y. What is the tens digit of d?
0
Let i(x) = x**2 - 1. Let p(f) = 7*f**2 - 3*f - 7. Let s(h) = 4*i(h) - p(h). Let t be s(-1). What is the hundreds digit of (-432)/t + 4/4?
1
Let c be (-2*(-8)/(-14))/(108/(-378)). Suppose -1767 = c*t - 5*m - 7218, 1 = m. What is the units digit of t?
4
Suppose -926 = -3*v + 15793. What is the thousands digit of v?
5
Suppose -5*y + 21253 = 4*h, -2*h - 2*h - 21237 = -5*y. What is the thousands digit of y?
4
Let a(p) = -p**3 - 9*p**2 - 8*p - 34. Let n be a(-18). What is the hundreds digit of n*(-8)/(-64)*4?
5
Suppose -14*b = -115 + 3. What is the tens digit of 747*((-56)/b - -8)?
4
Let l(q) = -q**3 + 19*q**2 - 19*q + 12. Let d be l(18). Let i be (d/9)/(3/(-180)). What is the tens digit of 9/2*i/45*6?
2
Let g be (-26)/78 - 4/6. What is the hundreds digit of -1 - (-2016 + 